common divisor of 89 and 801?
89
Calculate the highest common divisor of 52 and 494.
26
Calculate the highest common divisor of 32 and 12.
4
What is the greatest common factor of 1368 and 72?
72
Calculate the greatest common factor of 187 and 34.
17
Calculate the highest common divisor of 527 and 2201.
31
Calculate the highest common factor of 688 and 256.
16
Calculate the highest common divisor of 8 and 420.
4
What is the greatest common divisor of 10450 and 76?
38
What is the greatest common divisor of 16 and 632?
8
What is the highest common factor of 32 and 32?
32
Calculate the greatest common factor of 845 and 195.
65
Calculate the highest common divisor of 45 and 315.
45
What is the highest common factor of 112 and 7?
7
What is the greatest common factor of 24 and 3072?
24
Calculate the highest common divisor of 78 and 286.
26
What is the highest common factor of 114 and 494?
38
Calculate the greatest common factor of 14650 and 50.
50
Calculate the greatest common divisor of 50 and 900.
50
What is the highest common divisor of 10 and 705?
5
Calculate the greatest common divisor of 414 and 168.
6
What is the highest common factor of 462 and 847?
77
What is the highest common divisor of 3 and 1689?
3
Calculate the greatest common factor of 460 and 20.
20
Calculate the greatest common factor of 2440 and 20.
20
What is the highest common factor of 439 and 4?
1
What is the greatest common factor of 189 and 13482?
63
What is the greatest common factor of 1218 and 13746?
174
What is the greatest common divisor of 1145 and 10?
5
What is the greatest common divisor of 1071 and 408?
51
Calculate the greatest common factor of 57 and 285.
57
What is the greatest common factor of 6 and 87?
3
What is the highest common factor of 464 and 29?
29
Calculate the greatest common factor of 7 and 112.
7
What is the highest common divisor of 23 and 46?
23
Calculate the highest common factor of 31 and 5115.
31
Calculate the greatest common divisor of 802 and 2.
2
What is the highest common factor of 52 and 26104?
52
What is the greatest common factor of 16346 and 11?
11
Calculate the greatest common divisor of 21 and 2163.
21
Calculate the highest common divisor of 8 and 1368.
8
What is the highest common divisor of 59 and 3186?
59
What is the greatest common divisor of 2274 and 18?
6
What is the greatest common divisor of 73 and 73?
73
What is the greatest common divisor of 100 and 70?
10
What is the highest common divisor of 25 and 55?
5
Calculate the highest common factor of 30240 and 7.
7
Calculate the greatest common divisor of 270 and 162.
54
What is the highest common divisor of 220 and 55?
55
What is the greatest common factor of 80 and 230?
10
What is the greatest common factor of 101 and 505?
101
Calculate the highest common divisor of 8 and 8456.
8
What is the greatest common divisor of 581 and 498?
83
Calculate the highest common factor of 44 and 18.
2
What is the highest common divisor of 22112 and 32?
32
What is the greatest common factor of 90 and 2070?
90
What is the greatest common factor of 30 and 4170?
30
Calculate the highest common factor of 611 and 832.
13
What is the highest common factor of 54 and 738?
18
What is the highest common factor of 30 and 18?
6
What is the highest common divisor of 5555 and 22?
11
Calculate the highest common factor of 1076 and 12.
4
Calculate the highest common divisor of 24903 and 18.
9
Calculate the highest common divisor of 109 and 34117.
109
Calculate the highest common divisor of 39 and 403.
13
What is the greatest common divisor of 102 and 14?
2
What is the highest common factor of 49 and 63?
7
Calculate the highest common factor of 28 and 15596.
28
Calculate the greatest common divisor of 53 and 848.
53
What is the greatest common factor of 29 and 203?
29
Calculate the greatest common factor of 40 and 24.
8
What is the highest common factor of 2 and 394?
2
What is the greatest common factor of 189 and 135?
27
Calculate the highest common factor of 372 and 651.
93
Calculate the greatest common factor of 114 and 133.
19
What is the highest common factor of 115 and 368?
23
What is the greatest common divisor of 429 and 546?
39
What is the greatest common factor of 3068 and 520?
52
What is the highest common divisor of 660 and 120?
60
What is the greatest common factor of 64 and 880?
16
What is the greatest common factor of 41 and 15785?
41
Calculate the highest common divisor of 103 and 1751.
103
Calculate the highest common factor of 257 and 12079.
257
Calculate the greatest common factor of 13 and 5759.
13
What is the greatest common divisor of 8337 and 21?
21
What is the highest common factor of 147 and 5019?
21
What is the greatest common divisor of 5 and 15?
5
Calculate the greatest common factor of 4 and 26.
2
What is the greatest common divisor of 1 and 537?
1
What is the highest common factor of 36 and 27?
9
What is the highest common divisor of 17 and 3247?
17
What is the highest common factor of 306 and 342?
18
Calculate the highest common divisor of 75 and 39.
3
Calculate the greatest common factor of 7 and 161.
7
Calculate the highest common divisor of 261 and 11223.
261
What is the greatest common divisor of 15 and 3?
3
What is the highest common divisor of 108 and 26028?
108
What is the highest common divisor of 162 and 18?
18
What is the greatest common factor of 1647 and 244?
61
What is the highest common factor of 10 and 4430?
10
What is the greatest common divisor of 189 and 147?
21
Calculate the greatest common factor of 3232 and 101.
101
What is the highest common divisor of 38 and 9538?
38
What is the highest common factor of 78480 and 180?
180
Calculate the highest common factor of 132 and 228.
12
What is the highest common factor of 550 and 150?
50
What is the highest common factor of 864 and 368?
16
Calculate the greatest common factor of 40 and 552.
8
Calculate the greatest common divisor of 272 and 18.
2
Calculate the highest common divisor of 927 and 412.
103
Calculate the greatest common divisor of 430 and 70.
10
What is the greatest common factor of 24 and 1272?
24
What is the greatest common divisor of 28 and 112?
28
What is the greatest common factor of 85 and 1241?
17
Calculate the greatest common divisor of 146 and 365.
73
Calculate the greatest common divisor of 3266 and 355.
71
Calculate the highest common factor of 25112 and 688.
344
What is the greatest common factor of 1856 and 96?
32
What is the highest common divisor of 142 and 42671?
71
Calculate the greatest common factor of 104 and 2782.
26
Calculate the greatest common factor of 66 and 3190.
22
What is the highest common factor of 8030 and 10?
10
Calculate the greatest common divisor of 119 and 3757.
17
Calculate the highest common divisor of 737 and 335.
67
What is the greatest common factor of 95 and 415?
5
Calculate the highest common factor of 31146 and 348.
174
Calculate the highest common factor of 42 and 189.
21
Calculate the greatest common factor of 6 and 32.
2
Calculate the greatest common divisor of 855 and 8265.
285
Calculate the greatest common divisor of 12 and 7824.
12
What is the greatest common factor of 313 and 1?
1
What is the greatest common factor of 213 and 3?
3
What is the highest common divisor of 219 and 24?
3
Calculate the greatest common factor of 162 and 5454.
54
What is the greatest common divisor of 24 and 4004?
4
Calculate the greatest common factor of 11296 and 224.
32
Calculate the greatest common divisor of 7 and 9023.
7
Calculate the greatest common divisor of 120 and 57060.
60
Calculate the highest common divisor of 2431 and 26.
13
Calculate the highest common factor of 33 and 9.
3
What is the highest common divisor of 296 and 111?
37
What is the greatest common factor of 75 and 56325?
75
What is the highest common divisor of 783 and 174?
87
What is the greatest common divisor of 468 and 1152?
36
What is the highest common factor of 96 and 512?
32
Calculate the highest common factor of 46852 and 106.
106
What is the highest common divisor of 36 and 1476?
36
Calculate the highest common factor of 59 and 9263.
59
Calculate the greatest common divisor of 5263 and 114.
19
What is the highest common divisor of 9757 and 11?
11
What is the highest common factor of 87 and 609?
87
